 - 32042?
-32033
In base 11, what is 6 + 153?
159
In base 14, what is -9b4 - 4?
-9b8
In base 13, what is -13 + 18?
5
In base 15, what is -3ca0 + 3?
-3c9c
In base 14, what is 7 - 24?
-1b
In base 4, what is -1022 + 3?
-1013
In base 5, what is 1443 + 2?
2000
In base 6, what is 2 + -32?
-30
In base 4, what is 103133 + 30?
103223
In base 9, what is -2 + -282?
-284
In base 7, what is -3154 + 2?
-3152
In base 11, what is -17 + 3?
-14
In base 16, what is -17b + 2a?
-151
In base 3, what is 11 - -22201?
22212
In base 15, what is -21 - 27c?
-29d
In base 16, what is -4 - 21a?
-21e
In base 15, what is 5c74 + -2?
5c72
In base 15, what is 4 - 460?
-45b
In base 8, what is 4 - -11242?
11246
In base 7, what is 123 + -4?
116
In base 16, what is 38d - 4?
389
In base 7, what is 13 - 52?
-36
In base 16, what is 613 - -1?
614
In base 5, what is -2 - 204?
-211
In base 3, what is 20001 + 12?
20020
In base 4, what is -11 + 203?
132
In base 7, what is 222 + -1?
221
In base 12, what is -180 + -4?
-184
In base 3, what is 10 + -1021000?
-1020220
In base 2, what is -1000 + 10010101?
10001101
In base 14, what is -188 + -4?
-18c
In base 3, what is -1022 - -20?
-1002
In base 16, what is dd2 + -2?
dd0
In base 3, what is -22 + 1011201?
1011102
In base 4, what is -10032 - 2122?
-12220
In base 16, what is -4b5 - -3?
-4b2
In base 10, what is -44 + 2?
-42
In base 2, what is 11010100 - 11111?
10110101
In base 14, what is ad7 + -5?
ad2
In base 12, what is 0 - 5aa?
-5aa
In base 4, what is -103223 - -1?
-103222
In base 3, what is 12 + -2211?
-2122
In base 15, what is -1 - a3?
-a4
In base 3, what is 10101 - 2?
10022
In base 9, what is 140 - 27?
112
In base 14, what is 20 - -3?
23
In base 6, what is -50 - 11?
-101
In base 15, what is -3 - -695?
692
In base 13, what is b05 + 1?
b06
In base 10, what is -2 - 31?
-33
In base 4, what is 100 + 3231?
3331
In base 2, what is 1 - 11110?
-11101
In base 8, what is 1514 - -3?
1517
In base 14, what is 0 - -42?
42
In base 7, what is -124 + -11?
-135
In base 9, what is 1031 + 2?
1033
In base 11, what is 2 - 62?
-60
In base 6, what is 3224 - 5?
3215
In base 9, what is 2 + -1417?
-1415
In base 12, what is 2 + -1328?
-1326
In base 14, what is -88 - -3?
-85
In base 2, what is -1001110010 - -11?
-1001101111
In base 13, what is -3a7c - 4?
-3a83
In base 2, what is 10000100 - 0?
10000100
In base 4, what is -332 - 2031?
-3023
In base 13, what is -2 + 3a?
38
In base 15, what is 439b - -5?
43a1
In base 14, what is d - 27?
-18
In base 8, what is 4 + 11762?
11766
In base 9, what is -4 + -32?
-36
In base 2, what is -10101110 + -11001?
-11000111
In base 3, what is -1201 + -10?
-1211
In base 16, what is 2 + -74?
-72
In base 15, what is -cb - 1?
-cc
In base 15, what is -6a + 3?
-67
In base 12, what is 7549 - -5?
7552
In base 6, what is -30 + -42?
-112
In base 7, what is 30 + -516?
-456
In base 2, what is 1101 - 10111?
-1010
In base 9, what is 4 + 1048?
1053
In base 12, what is 29 + 6?
33
In base 3, what is 1220 - 100011?
-21021
In base 2, what is -10 + -110010?
-110100
In base 14, what is -a - -29?
1d
In base 6, what is -100 - -241?
141
In base 14, what is 31 + 3?
34
In base 15, what is 8 - -5d?
66
In base 8, what is -600 + -5?
-605
In base 2, what is 1100 + 10001?
11101
In base 15, what is 1 - 0?
1
In base 8, what is 14 - 36?
-22
In base 3, what is -120200 + 0?
-120200
In base 6, what is -105 - 5?
-114
In base 4, what is -322120 - -1?
-322113
In base 12, what is 9 - -114?
121
In base 4, what is -3 - -1010?
1001
In base 11, what is -124 + 0?
-124
In base 6, what is -5 - -32045?
32040
In base 3, what is 12112 + 10221?
100110
In base 3, what is 1022 + -1?
1021
In base 16, what is -2b7 + 4?
-2b3
In base 11, what is 3 + -211?
-209
In base 3, what is 11 + 11121121?
11121202
In base 16, what is -1d - -11f?
102
In base 3, what is 10212 - 11?
10201
In base 5, what is -1004 + 21?
-433
In base 16, what is -18 - 447?
-45f
In base 15, what is 3 + -b55?
-b52
In base 15, what is -1bc + -3?
-1c0
In base 8, what is -25 + 142?
115
In base 5, what is -221004 + 1?
-221003
In base 13, what is 20 - 8?
15
In base 2, what is 110101100 - 100?
110101000
In base 2, what is -101 + -10?
-111
In base 15, what is 0 - -64?
64
In base 9, what is -1051 - 2?
-1053
In base 14, what is -4 - -2?
-2
In base 15, what is 2 + -329?
-327
In base 2, what is 1 + -1111011010?
-1111011001
In base 8, what is 4 - -6?
12
In base 15, what is 190 + 6?
196
In base 13, what is 1 - -146a?
146b
In base 15, what is -46e + 4?
-46a
In base 3, what is 1120 - -120?
2010
In base 4, what is 1232 + 1?
1233
In base 14, what is 36a + 5?
371
In base 14, what is -10 + 1a5?
195
In base 5, what is 2124 - -10?
2134
In base 13, what is 72 + -7?
68
In base 10, what is -11 + 38?
27
In base 7, what is 1161 - -3?
1164
In base 9, what is -4 + 377?
373
In base 9, what is 134 - 5?
128
In base 13, what is -1 + 680?
67c
In base 8, what is -1 + -2156?
-2157
In base 12, what is -225 + 3?
-222
In base 14, what is 4 + 1525?
1529
In base 3, what is 1111 - -10?
1121
In base 2, what is -10 + -1111010100?
-1111010110
In base 14, what is -21 + 8?
-17
In base 8, what is -17443 + -3?
-17446
In base 14, what is 90b - -5?
912
In base 14, what is 5 + -2427?
-2422
In base 2, what is 101 + -100111?
-100010
In base 13, what is 12 + 7?
19
In base 12, what is 22 - 2?
20
In base 13, what is 3 - 1?
2
In base 6, what is -11 + 15?
4
In base 3, what is 1100221 - -11?
1101002
In base 7, what is 306 - -20?
326
In base 13, what is -14 - -91?
7a
In base 12, what is 1 + -162?
-161
In base 10, what is -34 - -4?
-30
In base 9, what is 646 - 3?
643
In base 4, what is 12230 + 11?
12301
In base 3, what is 10 - 1111110?
-1111100
In base 2, what is 100011 + 1010?
101101
In base 6, what is -3 - -1014?
1011
In base 2, what is 100111110101 + -11?
100111110010
In base 13, what is -6 - 150?
-156
In base 14, what is -c - -1b?
d
In base 4, what is -21 - 21111?
-21132
In base 4, what is 3 + -3131?
-3122
In base 14, what is 3b8 - 5?
3b3
In base 5, what is -10224 - 1?
-10230
In base 8, what is -1001 + -2?
-1003
In base 16, what is 3 - 203?
-200
In base 2, what is -101000 - -101001?
1
In base 4, what is 10 + -120131?
-120121
In base 4, what is -3 - -113223?
113220
In base 9, what is -5 - -18?
13
In base 3, what is -12 + -101?
-120
In base 9, what is -2 + 638?
636
In base 11, what is -26 + 16?
-10
In base 5, what is -2030 + -24?
-2104
In base 14, what is -14 + 39?
25
In base 7, what is -1 - -3315?
3314
In base 14, what is -9 + 201?
1d6
In base 2, what is 100000 - 1000?
11000
In base 13, what is 4 - 17bc?
-17b8
In base 10, what is -46 + -17?
-63
In base 4, what is -1201133 - -1?
-1201132
In base 10, what is -460 - 4?
-464
In base 15, what is 0 - -ad3?
ad3
In base 12, what is -30 + -26?
-56
In base 12, what is -1 + -3?
-4
In base 4, what is 30120 - -2?
30122
In base 15, what is -2 - -126?
124
In base 11, what is -25 + 75?
50
In base 7, what is 55 + -41?
14
In base 16, what is -2 + 2bc?
2ba
In base 10, what is 5 - -5007?
5012
In base 10, what is -1179 + -3?
-1182
In base 14, what is -8d + -c4?
-173
In base 2, what is 110 + -11101?
-10111
In base 6, what is 1210 + 1?
1211
In base 8, what is -5465 - 5?
-5472
In base 9, what is -4 - -43?
38
In base 15, what is -1e17 - -3?
-1e14
In base 13, what is 8 + 5?
10
In base 3, what is -1 - 10110?
-10111
In base 3, what is -11 - -2022?
2011
In base 11, what is 3 - 574?
-571
In base 15, what is -5 - -c33?
c2d
In base 14, what is -6380 + 1?
-637d
In base 11, what is 240 + 1?
241
In base 6, what is 132 + -1411?
-1235
In base 14, what is -165 + 0?
-165
In base 12, what is -7 + 13b?
134
In base 3, what is -220 + 10000?
2010
In base 2, what is -101 - -100110000000?
100101111011
In base 8, what is -1417 + 5?
-1412
In base 8, what is 7637 + -5?
7632
In base 13, what is 4 + 1737?
173b
In base 8, what is -36444 + 5?
-36437
In base 7, what is 3 - 411?
-405
In base 8, what is 11463 - -4?
11467
In base 3, what is 2100222 + 1?
2101000
In base 12, what is -4 + 17?
13
In base 7, what is 4 - 1512?
-1505
In base 10, what is -456 - -6?
-450
In base 7, what is -40125 + -3?
-40131
In base 2, what is 111001101001 + 1?
111001101010
In base 8, what is 132 + 3?
135
In base 9, what is -783 - 3?
-786
In base 5, what is -1214 + -113?
-1332
In base 6, what is 25 + 4?
33
In base 5, wha